 19, 293
What are the prime factors of 3709050?
2, 3, 5, 79, 313
List the prime factors of 3324551.
3324551
What are the prime factors of 9796752?
2, 3, 7, 9719
List the prime factors of 1614104.
2, 89, 2267
What are the prime factors of 187533?
3, 67, 311
What are the prime factors of 8811696?
2, 3, 183577
List the prime factors of 5107376.
2, 319211
What are the prime factors of 899731?
7, 79, 1627
What are the prime factors of 9020393?
23, 173, 2267
List the prime factors of 10575372.
2, 3, 29, 30389
List the prime factors of 33459.
3, 19, 587
List the prime factors of 1660629.
3, 553543
List the prime factors of 274359.
3, 91453
List the prime factors of 1179044.
2, 294761
What are the prime factors of 1294858?
2, 647429
List the prime factors of 2894631.
3, 19, 43, 1181
What are the prime factors of 1165056?
2, 3, 37, 41
What are the prime factors of 2009376?
2, 3, 6977
What are the prime factors of 866961?
3, 96329
List the prime factors of 2741230.
2, 5, 274123
What are the prime factors of 1229470?
2, 5, 11, 11177
What are the prime factors of 11920540?
2, 5, 596027
What are the prime factors of 2733416?
2, 7, 19, 367
What are the prime factors of 424035?
3, 5, 349
List the prime factors of 369735.
3, 5, 157
What are the prime factors of 7811157?
3, 2603719
List the prime factors of 666592.
2, 37, 563
List the prime factors of 723195.
3, 5, 11, 487
What are the prime factors of 2083553?
2083553
List the prime factors of 8923462.
2, 67, 66593
What are the prime factors of 7730073?
3, 13, 2447
List the prime factors of 666250.
2, 5, 13, 41
List the prime factors of 4541453.
7, 648779
What are the prime factors of 2548936?
2, 13, 24509
List the prime factors of 678912.
2, 3, 13, 17
What are the prime factors of 9810919?
9810919
What are the prime factors of 68553?
3, 2539
List the prime factors of 138589.
11, 43, 293
List the prime factors of 946732.
2, 19, 12457
List the prime factors of 3629971.
79, 45949
List the prime factors of 1514246.
2, 47, 89, 181
What are the prime factors of 6405?
3, 5, 7, 61
What are the prime factors of 57970?
2, 5, 11, 17, 31
What are the prime factors of 78477?
3, 7, 37, 101
List the prime factors of 113563.
19, 43, 139
List the prime factors of 425242.
2, 89, 2389
List the prime factors of 1680063.
3, 7, 11, 1039
What are the prime factors of 22999310?
2, 5, 19, 23, 277
List the prime factors of 8739793.
23, 43, 8837
List the prime factors of 26502761.
26502761
What are the prime factors of 199886?
2, 17, 5879
What are the prime factors of 871696?
2, 7, 43, 181
What are the prime factors of 780470?
2, 5, 17, 4591
List the prime factors of 839484.
2, 3, 2591
What are the prime factors of 12108327?
3, 7, 11, 23, 43, 53
What are the prime factors of 438234?
2, 3, 73039
List the prime factors of 108565.
5, 21713
List the prime factors of 8374.
2, 53, 79
List the prime factors of 213412.
2, 53353
What are the prime factors of 555945?
3, 5, 13, 2851
List the prime factors of 11234024.
2, 67, 20959
List the prime factors of 416788.
2, 29, 3593
What are the prime factors of 428610?
2, 3, 5, 7, 13, 157
List the prime factors of 1765460.
2, 5, 41, 2153
What are the prime factors of 126584?
2, 15823
What are the prime factors of 77887?
71, 1097
What are the prime factors of 25730854?
2, 163, 78929
List the prime factors of 74634.
2, 3, 7, 1777
List the prime factors of 4103476.
2, 13, 23, 47, 73
What are the prime factors of 25400116?
2, 7, 47, 19301
What are the prime factors of 355931?
47, 7573
What are the prime factors of 163655?
5, 71, 461
What are the prime factors of 206995?
5, 41399
List the prime factors of 325126.
2, 162563
List the prime factors of 1008135.
3, 5, 43, 521
List the prime factors of 224986.
2, 23, 67, 73
List the prime factors of 21547199.
21547199
What are the prime factors of 712262?
2, 223, 1597
List the prime factors of 3181092.
2, 3, 265091
What are the prime factors of 1482316?
2, 11, 59, 571
What are the prime factors of 261362?
2, 130681
List the prime factors of 1237194.
2, 3, 7, 1091
What are the prime factors of 15314881?
139, 239, 461
List the prime factors of 1423986.
2, 3, 237331
List the prime factors of 1605920.
2, 5, 10037
List the prime factors of 2143376.
2, 109, 1229
List the prime factors of 108287.
108287
List the prime factors of 391458.
2, 3, 53, 1231
List the prime factors of 14518113.
3, 149, 32479
List the prime factors of 2761600.
2, 5, 863
List the prime factors of 903131.
151, 5981
List the prime factors of 11118314.
2, 59, 1597
List the prime factors of 1488309.
3, 29, 17107
List the prime factors of 8321757.
3, 2773919
List the prime factors of 309198.
2, 3, 29, 1777
List the prime factors of 980161.
7, 13, 10771
What are the prime factors of 26011?
19, 37
What are the prime factors of 155098?
2, 77549
What are the prime factors of 9244811?
19, 486569
What are the prime factors of 20060?
2, 5, 17, 59
What are the prime factors of 4133772?
2, 3, 114827
List the prime factors of 663517.
663517
List the prime factors of 186987.
3, 157, 397
List the prime factors of 195257.
29, 6733
List the prime factors of 603179.
257, 2347
What are the prime factors of 3064576?
2, 11971
What are the prime factors of 1174173?
3, 7, 11, 13, 17, 23
List the prime factors of 1443738.
2, 3, 240623
What are the prime factors of 855351?
3, 7, 13577
List the prime factors of 3176951.
3176951
What are the prime factors of 3246826?
2, 11, 147583
List the prime factors of 116050.
2, 5, 11, 211
List the prime factors of 4355595.
3, 5, 151, 641
List the prime factors of 2280243.
3, 7, 23, 4721
What are the prime factors of 2450992?
2, 17, 9011
List the prime factors of 10872019.
10872019
What are the prime factors of 262443?
3, 87481
List the prime factors of 26940992.
2, 13, 32381
List the prime factors of 642475.
5, 31, 829
What are the prime factors of 1117996?
2, 11, 25409
What are the prime factors of 3933549?
3, 145687
What are the prime factors of 11325471?
3, 41, 92077
List the prime factors of 1879385.
5, 19, 73, 271
List the prime factors of 8699079.
3, 67, 113, 383
What are the prime factors of 960636?
2, 3, 17, 277
List the prime factors of 9172241.
13, 109, 6473
What are the prime factors of 468423?
3, 5783
What are the prime factors of 3197528?
2, 399691
What are the prime factors of 26816675?
5, 37, 53, 547
What are the prime factors of 95848?
2, 11981
List the prime factors of 5130916.
2, 7, 183247
What are the prime factors of 478677?
3, 379, 421
List the prime factors of 1562101.
1562101
List the prime factors of 66808.
2, 7, 1193
What are the prime factors of 1607536?
2, 7, 31, 463
List the prime factors of 2558362.
2, 1279181
What are the prime factors of 447312?
2, 3, 9319
What are the prime factors of 12915465?
3, 5, 861031
What are the prime factors of 643933?
73, 8821
List the prime factors of 7251577.
7251577
What are the prime factors of 2434467?
3, 7, 16561
List the prime factors of 13355645.
5, 61, 43789
List the prime factors of 4767060.
2, 3, 5, 79451
List the prime factors of 380677.
11, 34607
What are the prime factors of 7619253?
3, 97, 26183
List the prime factors of 216644.
2, 41, 1321
List the prime factors of 5674505.
5, 37, 829
List the prime factors of 13305617.
13, 359, 2851
List the prime factors of 113787.
3, 47, 269
What are the prime factors of 1205141?
7, 107, 1609
List the prime factors of 18330532.
2, 11, 313
What are the prime factors of 11054208?
2, 3, 11, 2617
List the prime factors of 21056695.
5, 11, 173, 2213
List the prime factors of 731640.
2, 3, 5, 7, 13, 67
What are the prime factors of 19896886?
2, 23, 47, 9203
What are the prime factors of 107823?
3, 127, 283
List the prime factors of 2425131.
3, 467, 577
What are the prime factors of 3203755?
5, 47, 13633
What are the prime factors of 320493?
3, 47, 2273
List the prime factors of 288592.
2, 17, 1061
List the prime factors of 24727.
79, 313
What are the prime factors of 212181?
3, 107, 661
List the prime factors of 8454760.
2, 5, 211369
List the prime factors of 185193.
3, 19
List the prime factors of 2329557.
3, 31, 37, 677
What are the prime factors of 14019241?
433, 32377
List the prime factors of 4525484.
2, 197, 5743
What are the prime factors of 220420?
2, 5, 103, 107
List